t m(r) = r + 17. Let v be m(-9). Let z(u) = 2*u - 2. Let f be z(v). Suppose 5*s = -o - 0*o + 5, 3*s = -4*o - f. What are the prime factors of s?
2
Suppose 0 = -2*c - 4*k + 712, -5*c + 523 = -3*k - 1257. List the prime factors of c.
2, 89
Suppose 4*g + 2*i - i - 96 = 0, -5*g - 5*i = -135. Let n = -21 + g. Suppose -82 = -2*j + 2*r, -4*j - n*r + 66 + 68 = 0. What are the prime factors of j?
2, 3
Suppose 4*x + 6*x = 30. Suppose -a - 4*a = x*r - 618, 4*r = -3*a + 362. What are the prime factors of a?
2, 3, 7
What are the prime factors of (126 + -7)*(9 + -8)?
7, 17
Suppose 4*f - 48 = -5*m, m + 4*f - 32 = -2*m. Suppose 465 = 5*h - m*l + 3*l, 280 = 3*h - 4*l. List the prime factors of h.
2, 23
Let w = 33 - 29. Suppose 3*m - w*i - 155 = 0, 0 = -7*m + 3*m - i + 175. What are the prime factors of m?
3, 5
Let q be (-1)/2 - 27/(-6). Suppose 3*l = 8 - 2, -227 = -5*i + q*l. List the prime factors of i.
47
Let h(j) = -285*j - 4. Let z be h(-2). What are the prime factors of (z/(-4))/((-4)/(0 - -8))?
283
Let w(i) = -i - 4. Let m be w(-6). Suppose l = -m*l. Suppose 0 = -t - l*t + 60. What are the prime factors of t?
2, 3, 5
Let c(d) = 3*d**2 - 2*d - 1. Let p be c(-1). Suppose -q + 6 = p. Suppose -70 = -q*o - 5*t, 3*o - 3*t + 3 = 108. List the prime factors of o.
5, 7
Suppose -2 - 2 = -2*s. Let o(a) = a**2 - a + 2. Let g be o(s). Let h = g - 2. List the prime factors of h.
2
Let a be 6/8 + 25/20. Suppose 3*j + 3*w - 186 = 0, -j - w + 66 = -a*w. List the prime factors of j.
2
Suppose -k - k + 3*c = -25, 3*c = -3*k + 15. Let d = k + -3. Suppose -3*h - a = -32, 7*a + 42 = d*h + 3*a. What are the prime factors of h?
2, 5
Let v(r) = -r**2 - 9*r + 12. Let y be v(-10). Let d = y + 17. Let f = -13 + d. List the prime factors of f.
2, 3
Suppose -617 = -8*x + 615. Let t = x + -76. List the prime factors of t.
2, 3, 13
What are the prime factors of 4009/3 - (-1320)/(-396)?
31, 43
Suppose -700 + 2270 = 10*u. List the prime factors of u.
157
Let s be 4/(-14) + 488/(-56). Let j = s + 12. What are the prime factors of (-1)/(-3)*3*j?
3
Let f = -45 - -71. List the prime factors of f/((6/(-4))/((-9)/12)).
13
Let g = -17 - -23. Suppose -2*w = -g - 116. What are the prime factors of w?
61
Let y be 1 - (-176 - 3)*(-1 - 0). Let k = y - -273. What are the prime factors of k?
5, 19
Suppose v - 12 = u, 2*v - 5*v = 2*u - 21. Let w = -4 + v. Suppose -2*q + 57 = w*g, 9 = q + g - 15. List the prime factors of q.
3, 7
Let c be (-4)/10 - (-90)/(-25). Let a = c + 7. List the prime factors of 3 + (-1)/(a/(-9)).
2, 3
Let g = 201 - 134. Suppose -25 - g = -4*z - 5*x, z = 5*x + 23. List the prime factors of z.
23
Suppose -442*x = -438*x - 4356. List the prime factors of x.
3, 11
List the prime factors of 0/(-10) - (2 - 411).
409
Let n be ((-1)/(1/(-5)))/1. Suppose 4*i = 4*w + 12, -4*i + n*w + 5 = -4. Let q(s) = 2*s - 2. List the prime factors of q(i).
2, 5
Suppose 6*a - 456 = 666. What are the prime factors of a?
11, 17
Suppose 76*m + 10535 = 83*m. List the prime factors of m.
5, 7, 43
Let t be (-2)/((-1)/30*3). Suppose -y - 4*j - t = -2*y, j = -y. Suppose -3*z - 4*g = -70, -z = y*g - 2*g - 22. What are the prime factors of z?
2, 13
Let f(j) = -2*j**3 + 2*j**2 - 2*j - 2. Let y be f(2). Let x = -5 + y. Let t = 29 + x. List the prime factors of t.
2, 5
Let o(j) = -798*j - 84. What are the prime factors of o(-2)?
2, 3, 7
Let n = -9 + 9. Suppose -4*h + 2*a = -a + 120, -3*h + 5*a - 79 = n. Let r = 47 + h. What are the prime factors of r?
2, 7
Let o(s) = 1744*s**3 - 3*s**2 - 4*s + 7. What are the prime factors of o(1)?
2, 109
Suppose 0 = 90*b - 81*b - 20475. What are the prime factors of b?
5, 7, 13
Let v(l) = 2*l**2 - 51*l + 143. What are the prime factors of v(34)?
7, 103
Let u = 539 + -793. Let b = -177 - u. List the prime factors of b.
7, 11
Suppose 2*v + 9 = -7. Let c = v - -7. What are the prime factors of 852/16 + c/4?
53
Suppose -2*g - 5*l + 3*l = -734, 367 = g + 4*l. List the prime factors of g.
367
Let v(f) = -211*f**3 + 210*f**3 + 3*f**2 + 2*f**2 + 7*f. List the prime factors of v(5).
5, 7
Suppose 4*h = -2*h. List the prime factors of h + 107 - (14 + -11).
2, 13
Suppose 0 = 15*x - 2*x - 754. List the prime factors of x.
2, 29
Suppose -15*p + 550 = -10*p. Suppose 4*i = 2*w - p, 5*w + 4*i - i = 236. What are the prime factors of w?
7
Let x be 0/(-5) + (-6)/(-2). Let i(r) = -9*r + x*r - 5*r**2 + 3 - 4*r**2 + r**3 + 6*r**2. What are the prime factors of i(5)?
23
Let g(u) = -u**3 + 5*u**2 + 6*u - 4. Let c be g(6). Let d(q) = -5*q - q + 3 + 10*q + 6*q**2 + 2*q + q**3. List the prime factors of d(c).
11
Let f be (-27)/2*(-152)/(-6). What are the prime factors of f/4*24/(-36)?
3, 19
Let i(r) = r**3 + 17*r**2 - 44*r + 14. Let w be i(-20). Let p = w - -537. What are the prime factors of p?
3, 7, 11
Let j be (-3 - (3 - 3)) + 108. Let n = j - 78. List the prime factors of n.
3
Let a = -6 - -3. Let r be (a/(-2))/((-6)/(-12)). Let d = 6 - r. What are the prime factors of d?
3
Let h(k) = k**2 + 12 + k - 7 - 8 - 2*k. List the prime factors of h(3).
3
Suppose -2*k = z + 4*z - 1602, 0 = -4*k - 4*z + 3204. List the prime factors of k.
3, 89
Suppose 2*h + 8 = -4*t, 3*h - t = 2*t + 24. Let b(v) = -61*v - 29. Let p be b(-1). Suppose -5*j = h*o - 30, -3*o + p = j - 2*j. What are the prime factors of o?
2, 5
Suppose 8*b - 2*r - 3222 = 6*b, 8043 = 5*b + r. What are the prime factors of b?
1609
Suppose -3*j - 2*j = -10, j = -4*k + 14. Suppose 4 = a + k*o - 7*o, -10 = -a + 2*o. List the prime factors of a.
2
Suppose -2*y = -12*y + 80. Suppose -318 - 474 = -y*n. List the prime factors of n.
3, 11
Suppose -3*v + 4*b + 6188 = 0, -5*b + 8261 = 27*v - 23*v. What are the prime factors of v?
2, 3, 43
Suppose u - h - 6 - 2 = 0, h = 5*u - 40. Suppose -u*a + 542 = -282. What are the prime factors of a?
103
Let w be (13/(-2) + 4)*(-2 + 0). Suppose 2*m - 265 = -w*a - 0*a, -a = 2*m - 45. List the prime factors of a.
5, 11
Let o = -75 - 61. Let q = -63 - o. Suppose 4*c = q + 27. What are the prime factors of c?
5
Let p be 5/(30/(-4)) - (-51)/9. Suppose -6*f + f = -25. Suppose -85 = -p*i - l + 160, -i = -f*l - 75. List the prime factors of i.
2, 5
Let t(z) = z**2 - 11*z + 10. Let x be t(10). Suppose x = -4*j - w + 12, w + 16 = 5*w. List the prime factors of j/(100/92 - 1).
23
Suppose 0*a = 5*a - 4*g + 142, 0 = 3*a + 5*g + 63. Suppose -z = 2*h + 21, -h + 15 = -6*h. Let d = z - a. What are the prime factors of d?
11
Suppose 246*c + 4524 = 259*c. What are the prime factors of c?
2, 3, 29
Let c(v) = v**2 + v - 4. Let z be c(-4). Let r = 8 + z. Suppose 0 = -o - r + 52. List the prime factors of o.
2, 3
Let z = -44 + -26. Let c = -57 - z. What are the prime factors of c?
13
Let p be -2 + (-6)/((-30)/95). Suppose 13*f - p*f + 452 = 0. What are the prime factors of f?
113
Suppose -22*h = -8120 - 5366. What are the prime factors of h?
613
Let b(d) = -2*d - 10. Let i be b(-7). Let g(z) = z**2 + z - 14. Let n be g(-8). Suppose 2*f - i*f = -4*h - n, 4*f - 40 = -3*h. What are the prime factors of f?
13
Let v(a) be the third derivative of a**4/6 + 3*a**3/2 + 2*a**2. Let j be v(-6). List the prime factors of (j/2)/((-5)/20).
2, 3, 5
Suppose 0 = 5*w - 3179 + 659. List the prime factors of w.
2, 3, 7
Let n(c) = -555*c + 390. List the prime factors of n(-3).
3, 5, 137
Suppose 0 = -114*i + 109*i + 6425. What are the prime factors of i?
5, 257
Suppose -14*v + 13266 = 4*v. What are the prime factors of v?
11, 67
Let q(c) = -5*c + 10. Suppose 6 = -3*k, -46 = -v + 5*v - 5*k. List the prime factors of q(v).
2, 5
Let a(x) = x**2 + 3*x - 66. List the prime factors of a(7).
2
Let q be -1 + 5/(-5)*2. List the prime factors of ((-36)/(-8) + q/1)*42.
3, 7
Let l(g) = 10*g - 11. Let r be l(4). Let w = 21 + r. What are the prime factors of w?
2, 5
Let t(j) = -2*j**3 + 7*j**2 + 51*j + 46. What are the prime factors of t(-7)?
2, 359
Let w be ((-11)/2)/((-1)/2). Let t = 13 - w. Suppose -t*j + 18 = -2*v + 62, -2*v - j = -29. What are the prime factors of v?
17
Suppose -a - 78829 = -18*a. What are the prime factors of a?
4637
Let m(d) be the first derivative of -d**2/2 - 2*d - 2. Let y be m(-3). What are the prime factors of 2 - y/(-2)*22?
13
Let y(u) = 23 + 0*u + 5 + 15 - 2*u - 1. Let t = 0 + 0. List the prime factors of y(t).
2, 3, 7
Let l = -609 - -683. What are t